 highest common factor of 6 and r?
6
Let n = -8119 - -8164. Calculate the greatest common factor of 117 and n.
9
Let z = 44 - 62. Let h = -15 - z. Suppose -h*m = 6*m - 720. Calculate the highest common factor of 32 and m.
16
Let p = -94 + 98. Let m(k) = -10 + k + p*k - 3*k + 4*k. Let u be m(2). Calculate the highest common divisor of 32 and u.
2
Let j be -212434*(-1)/30 - (-118)/(-885). What is the greatest common factor of j and 146?
73
Let b = -20 - -49. Let r = 3123 - 3065. What is the highest common divisor of r and b?
29
Let o = -3057 + 3372. What is the highest common divisor of 1680 and o?
105
Let c be (-569)/20*-54 - (-27)/(-90). What is the highest common factor of c and 60?
12
Let y(w) = -w**3 - 50*w**2 + 532*w + 63. Let a be y(-59). Calculate the greatest common factor of 243 and a.
1
Let y = 284 + -48. Suppose -843*c = -846*c + 531. What is the highest common factor of y and c?
59
Suppose -4*r + 2366 = 2*l, 4*r - 2367 = -3*l - 0*l. Let j = -404 + r. Let i(c) = 2*c + 5. Let m be i(6). Calculate the highest common divisor of j and m.
17
Let n = -100 - -103. Suppose 2*l - 333 = -2*f - n*f, 5*l + 240 = 4*f. Calculate the highest common factor of 15 and f.
5
Suppose 12*a - 120 = 2*a. Suppose 0 = -a*t + 786 + 78. Calculate the highest common divisor of t and 32.
8
Let s(v) = -2*v**3 + 34*v**2 + 127*v - 26. Let w be s(19). What is the greatest common divisor of 287 and w?
41
Let h = 31 + -12. Let c = 29 - h. Let q be 132/c*285/38. What is the greatest common factor of 33 and q?
33
Let s be 312/65*(0 - 6285). Let x be (-4)/(-14) + s/(-252). What is the highest common divisor of 270 and x?
30
Let t = -1201 - -4051. Calculate the highest common factor of t and 4350.
150
Suppose 12 = -20*f + 26*f. Let q be (27/(-6) + f)/((-17)/34). Let v = -58 + 123. What is the highest common factor of v and q?
5
Let k = 411 - -164. Suppose -8*y + k - 47 = 0. Let c be ((-198)/10)/((-1)/5). Calculate the highest common factor of y and c.
33
Suppose 87*l - 73*l = 6300. What is the highest common factor of l and 5100?
150
Let j(g) = 183*g**2 - 114*g - 30. Let f be j(4). What is the greatest common divisor of f and 33?
33
Let h = 305 - 187. Let a = h + -68. What is the greatest common factor of a and 750?
50
Suppose s + n + 80 = -3*n, -s - 74 = -2*n. Let k be ((-114)/s)/(3/2). What is the highest common divisor of 5 and k?
1
Let i be (-2 + -1)/(35 + -32). Let l be 1910/15 - (i - 3/(-9)). Calculate the highest common factor of 80 and l.
16
Suppose 7*x = 2*x + 255. Suppose 8765 = 73*k + 78. Calculate the greatest common divisor of x and k.
17
Suppose -130 = -5*r + 110. Let h be (-2)/8 + 1262/(-8). Let y = -38 - h. Calculate the highest common divisor of y and r.
24
Let n = 598 - 292. Suppose -19*l + n = -l. What is the highest common factor of 323 and l?
17
Suppose 2*w + i - 12 = 0, -5*i + 14 + 6 = 0. Suppose -54 = w*j - 198. Let s be 7 + (-759 - -786 - (-10)/(-1)). What is the greatest common divisor of j and s?
12
Let d(o) = 2*o**2 + 3*o + 10. Let j be d(-1). What is the greatest common divisor of 1278 and j?
9
Let c(l) = 2*l + 2*l + 11 + 29 - 2*l. Let i be c(-15). Calculate the highest common divisor of 410 and i.
10
Let y = -843 + 863. Let u be (-30)/(-9)*(370/y + -5). Let c be 2/(-6) - (-182)/6. Calculate the greatest common factor of u and c.
15
Suppose 5*j - 3*j - 3*i - 11 = 0, -2*i - 18 = 4*j. Let w be 14/(-4)*-10 + (-2 - j). What is the greatest common divisor of w and 21?
7
Let o(w) = -32*w - 179. Let t be 28*(62/(-40) + 8/10). Let v be o(t). What is the greatest common factor of v and 34?
17
Suppose 5*g - 95 = -j, -2*g - 3*j + 23 + 15 = 0. Suppose 8*y - g*y + 1210 = 0. Calculate the greatest common factor of y and 44.
22
Suppose 4*c = 5*o - 115, 3*c = o + 8 - 31. Suppose o*q - 3*q = 480. What is the greatest common factor of 144 and q?
24
Let r = -79 + 166. Suppose -28*k + 397 = -415. Calculate the greatest common divisor of r and k.
29
Let w be (-572)/36 + 2/(-18). Let c = -40 + w. Let a = c - -70. Calculate the highest common factor of 28 and a.
14
Suppose 26*z - 25*z = 115*z - 9918. What is the highest common divisor of z and 43413?
87
Suppose -o = -3*a + 4802, -3*a + 113*o - 111*o + 4807 = 0. Calculate the greatest common factor of 39 and a.
39
Let v be (-2)/((-3)/(-5) + (-11)/((-7150)/(-415))). What is the greatest common factor of v and 91?
13
Suppose -3120*q + 108200 = -2579*q. Let n = 39 - 14. Calculate the highest common divisor of n and q.
25
Let s(z) = z**2 + 330. Let q be s(0). Suppose 4*x + 65 = -43. Let o = 60 + x. What is the highest common divisor of o and q?
33
Let j(n) = 22*n + 12. Let g be j(4). Let l = -17 - g. Let c = l + 175. What is the highest common divisor of 87 and c?
29
Suppose -95193 = -385*d + 21847. What is the greatest common factor of 5700 and d?
76
Let a(z) = 16*z**3 + 4*z**2 - 15*z + 10. Let u be a(6). Suppose -38*r + 34*r - 3*x = -2816, 5*r = 2*x + u. What is the greatest common factor of 11 and r?
11
Suppose -137 + 155 = 6*s. Suppose s*k = 2*l - 434, 5*k + 651 = 3*l + 4*k. What is the highest common factor of l and 124?
31
Let f(z) = -z**3 - 12*z**2 + 7*z - 13. Let m be f(-13). Let x = m - 17. Suppose 0*h = -4*h + x. What is the greatest common factor of 60 and h?
12
Let m = -565 + 570. Suppose -5*z = -d + 21 - m, 0 = -d - 2*z + 30. Suppose -a + 3 = 0, 5*k - 3*a = 276 - 25. Calculate the greatest common factor of k and d.
26
Suppose -4*t + 26 + 22 = 0. Let a = 10 + t. Suppose -24 - 240 = -4*p. Calculate the highest common factor of p and a.
22
Let w(a) = 579*a - 73. Let l be w(2). What is the greatest common divisor of l and 1705?
155
Let r be ((-126)/(-90))/((-2)/10) - -18. Calculate the highest common divisor of r and 781.
11
Let l be 7/(12 + (-1398)/120). What is the greatest common factor of 17140 and l?
20
Let h(i) = 23*i - 38. Let q be 14/6 + 4*(-25)/(-60). Let b be h(q). Calculate the highest common factor of 216 and b.
54
Let o = 1063 - 1062. Suppose 4*a - 8 = 12. Let g = a + 4. Calculate the greatest common factor of o and g.
1
Let p = 905 - 5. What is the greatest common factor of 270 and p?
90
Let w = -3534 + 3536. Suppose -h - 4*h + 4*k + 8 = 0, -5*k = 10. Suppose -2*m + 4*m - 32 = h. Calculate the highest common factor of w and m.
2
Suppose 5*j - 5091 = -f, 50*j = 46*j - 16. What is the highest common factor of 95 and f?
19
Suppose 0*x = 3*x - 93. Let w = 439 - 451. Let c be 31/(-1 + w/(-6)). What is the greatest common divisor of x and c?
31
Suppose 2*m + g = 3, 3*g + 13 - 22 = m. Suppose -k + 39 = 5*u - m*u, -2*u - 74 = -k. Calculate the highest common divisor of 352 and k.
32
Let k(o) = o**3 + 13*o**2 + 15*o - 32. Let c be k(-11). Suppose -3 + 15 = -4*n, 4*i = -2*n + 94. What is the greatest common factor of c and i?
5
Let c = 6871 + -5492. Calculate the highest common divisor of c and 21.
7
Suppose -c + 231 = 4*n, 597 = 140*c - 137*c - 4*n. Calculate the greatest common divisor of c and 115.
23
Let f be (3 + (-29)/3)*18/(-4). Let q = f + -22. Let a(t) = 40*t**3 - t**2 + t. Let i be a(1). What is the highest common divisor of q and i?
8
Let f(p) = -2*p**3 + 15*p**2 + 8*p + 8. Let u be f(7). Let b be (4 - (-14)/7) + u. What is the greatest common factor of b and 34?
17
Let i(q) = -q**3 + 25*q**2 + 24*q + 71. Let p be i(26). What is the greatest common factor of p and 19?
19
Let d = -32146 + 32680. What is the highest common divisor of 9 and d?
3
Suppose 53*a + 153 = 50*a. Let m be (((-15)/2)/5)/(a/4964). What is the greatest common factor of 365 and m?
73
Let t be 2 + (-3 - (-88)/6)*-3. Let n = -33 - t. Suppose 180 = 4*v - n*v. Calculate the highest common divisor of v and 405.
45
Let i(y) = -73*y + 25. Let r be i(6). Let x = r + 608. Let s = -51 - -90. What is the greatest common divisor of s and x?
39
Let y(h) = -9*h + 23 + 141 + 2*h**2 - 170. Let p be (-1)/4 + (-50)/(-8). Let f be y(p). What is the greatest common divisor of f and 12?
12
Let v be ((-15861)/5)/(-3)*370/74. Calculate the greatest common factor of v and 34.
17
Let w(i) = -i**3 + 37*i**2 - 267*i - 21. Let t be w(12). Suppose -5*p = -58 - 67. Calculate the highest common divisor of p and t.
25
Let q(o) = 4*o + 385. Let g be q(-72). What is the highest common factor of 3007 and g?
97
Suppose -2*v + 1055 + 119 = -o, -2*o - 5*v = 2348.